{"id":1629,"date":"2025-10-08T09:45:21","date_gmt":"2025-10-08T09:45:21","guid":{"rendered":"https:\/\/www.joannagrudzinska.eu\/?page_id=1629"},"modified":"2026-01-20T00:33:55","modified_gmt":"2026-01-20T00:33:55","slug":"accueil-2","status":"publish","type":"page","link":"https:\/\/www.joannagrudzinska.eu\/en\/","title":{"rendered":"Accueil"},"content":{"rendered":"<div class=\"wp-block-group alignfull is-content-justification-center is-layout-constrained wp-container-core-group-is-layout-6be109a5 wp-block-group-is-layout-constrained\">\n<div class=\"wp-block-group is-layout-constrained wp-container-core-group-is-layout-794f11dd wp-block-group-is-layout-constrained\">\n<h2 class=\"wp-block-heading\" style=\"margin-right:0;margin-left:0;padding-right:0;padding-left:0\">&nbsp;<\/h2>\n\n\n\n<p class=\"has-large-font-size\" id=\"bio\"><strong>Probing the depth of time in the present is what Joanna does with cinema, capturing the past in the real and the twist in which the actors of the drama are caught.<\/strong><\/p>\n\n\n\n<p class=\"has-medium-font-size\">Born in Poland and exiled with her parents to France in the 80s, she studied philosophy and cinema (INSAS). After working in various positions in the film industry, from scriptwriter to casting director to actress, she has directed documentaries ( KOR, R\u00e9volution Ecole 1918-1939, Pologne contre Histoire), essays ( Quarzell dit Castel, Tout de moi ne dispara\u00eetra pas) and fiction ( La roue tourne, Je veux quelque chose et je ne sais pas quoi, Loups solitaires en mode passif) which have been broadcast on television, programmed and awarded at numerous festivals in France (Angers, Pantin, La Rochelle, Fid Marseille, Cin\u00e9ma du R\u00e9el, rendez-vous de l'histoire de Blois, ... ) and abroad ( Planet doc review, Krakow film festival, La Cabina, Flight Genova, Molodist film festival, Munich film festival, ...).<\/p>\n\n\n\n<p class=\"has-medium-font-size\">She is currently working on several documentary and fiction projects.<\/p>\n\n\n\n<p class=\"has-medium-font-size\">Joanna produces radio documentaries, radio biographies and essays (France Culture). She is also associate professor of writing and directing at the University of Amiens (UPJV).<\/p>\n\n\n\n<div class=\"wp-block-buttons is-content-justification-center is-layout-flex wp-container-core-buttons-is-layout-a89b3969 wp-block-buttons-is-layout-flex\">\n<div class=\"wp-block-button is-style-fill\"><a class=\"wp-block-button__link has-medium-font-size has-custom-font-size wp-element-button\">Read more<\/a><\/div>\n<\/div>\n<\/div>\n<\/div>\n\n\n\n<div style=\"height:100px\" aria-hidden=\"true\" class=\"wp-block-spacer\"><\/div>\n\n\n\n<h3 class=\"wp-block-heading has-text-align-center has-text-color has-link-color wp-elements-f9c1c08697eccf2a030b37234d966f44\" id=\"actu\" style=\"color:#aa845f;font-size:2.5rem\">News<\/h3>\n\n\n\n<div style=\"height:50px\" aria-hidden=\"true\" class=\"wp-block-spacer\"><\/div>\n\n\n<ul style=\"background:linear-gradient(349deg,rgb(204,187,157) 0%,rgb(255,254,254) 49%,rgb(234,220,206) 100%); font-style:normal;font-weight:600;line-height:1.2; border-top-left-radius:30px;border-top-right-radius:30px;border-bottom-left-radius:30px;border-bottom-right-radius:30px;border-style:none;border-width:0px; padding-top:0;padding-bottom:0;padding-left:var(--wp--preset--spacing--50);padding-right:var(--wp--preset--spacing--50);margin-right:0;margin-left:0;margin-top:0;margin-bottom:0;\" class=\"wp-block-latest-posts__list has-link-color wp-elements-e46a5687a5157de14517d8a0f775cefe wp-block-latest-posts has-text-color has-vivid-cyan-blue-color has-background has-large-font-size\"><li><a class=\"wp-block-latest-posts__post-title\" href=\"https:\/\/www.joannagrudzinska.eu\/en\/projection_2026-01-20\/\">projection_2026-01-20<\/a><div class=\"wp-block-latest-posts__post-full-content\"><!-- wp:heading {\"textAlign\":\"center\",\"style\":{\"elements\":{\"link\":{\"color\":{\"text\":\"var:preset|color|vivid-red\"}}},\"typography\":{\"fontSize\":\"48px\"},\"border\":{\"width\":\"18px\"}},\"backgroundColor\":\"ast-global-color-4\",\"textColor\":\"ast-global-color-2\",\"TrpContentRestriction\":{\"restriction_type\":\"exclude\",\"selected_languages\":[],\"panel_open\":false}} -->\n<h2 class=\"wp-block-heading has-text-align-center has-ast-global-color-2-color has-ast-global-color-4-background-color has-text-color has-background has-link-color\" style=\"border-width:18px;font-size:48px\">\u00ab\u00a0Titre du film\u00a0\u00bb<\/h2>\n<!-- \/wp:heading -->\n\n<!-- wp:image {\"id\":1252,\"sizeSlug\":\"large\",\"linkDestination\":\"none\"} -->\n<figure class=\"wp-block-image size-large\"><img loading=\"lazy\" decoding=\"async\" width=\"1024\" height=\"620\" src=\"https:\/\/www.joannagrudzinska.eu\/wp-content\/uploads\/2025\/05\/pologne-contre-histoire_03-1024x620.jpg\" alt=\"\" class=\"wp-image-1252\" srcset=\"https:\/\/www.joannagrudzinska.eu\/wp-content\/uploads\/2025\/05\/pologne-contre-histoire_03-1024x620.jpg 1024w, https:\/\/www.joannagrudzinska.eu\/wp-content\/uploads\/2025\/05\/pologne-contre-histoire_03-300x182.jpg 300w, https:\/\/www.joannagrudzinska.eu\/wp-content\/uploads\/2025\/05\/pologne-contre-histoire_03-768x465.jpg 768w, https:\/\/www.joannagrudzinska.eu\/wp-content\/uploads\/2025\/05\/pologne-contre-histoire_03.jpg 1337w\" sizes=\"auto, (max-width: 1024px) 100vw, 1024px\" \/><\/figure>\n<!-- \/wp:image -->\n\n<!-- wp:qi-blocks\/advanced-text {\"uniqueClass\":\"qodef-block-df71388f\",\"color\":\"rgba(250,248,248,1)\",\"linkColor\":\"rgba(221,10,10,1)\",\"marginBottom\":20,\"paddingTop\":50,\"paddingBottom\":50,\"advancedBackgroundColor\":\"rgba(194,166,122,1)\",\"advancedBackgroundGradientColor1\":\"rgba(244,80,80,1)\",\"advancedBackgroundGradientLocation1\":75,\"advancedBackgroundGradientColor2\":\"rgba(122,9,9,1)\",\"advancedBackgroundGradientLocation2\":66,\"fontSize\":40,\"fontWeight\":\"600\",\"lineHeight\":60,\"horizontalAlignment\":\"center\",\"TrpContentRestriction\":{\"restriction_type\":\"exclude\",\"selected_languages\":[],\"panel_open\":false}} -->\n<div class=\"wp-block-qi-blocks-advanced-text qodef-block-container qodef-block-df71388f\"><div class=\"qi-block-advanced-text qodef-block qodef-m\"><p>projection<br>Saturday, October 11, 2025<br>\u00ab\u00a0Les Rendez-vous de l&rsquo;Histoire\u00a0\u00bb &#8211; Blois<\/p><\/div><\/div>\n<!-- \/wp:qi-blocks\/advanced-text -->\n\n<!-- wp:qi-blocks\/testimonials-list {\"uniqueClass\":\"qodef-block-abf6b8df\",\"layout\":\"info-below\",\"testimonialsListItemsRepeater\":[{\"itemTitle\":\"Festival\",\"itemText\":\"u0022Les Rendez-vous de l'Histoireu0022n|  Blois \/ 28e \u00e9dition - du 8 au 12 octobre 2025  |  nThematique 2025 : La France ?nn|  Blois - Centre de la r\u00e9sistance, de la d\u00e9portation et de la M\u00e9moire\",\"itemAuthor\":\"\",\"itemAuthorImage\":{\"id\":null,\"url\":\"\",\"alt\":\"\",\"caption\":\"\",\"width\":\"\",\"height\":\"\",\"html\":\"\",\"defaultValueIsSet\":false},\"itemAuthorOccupation\":\"\",\"itemQuoteColor\":\"\",\"itemTitleColor\":\"\",\"itemTextColor\":\"\",\"itemAuthorColor\":\"rgba(183,180,145,1)\",\"itemAuthorOccupationColor\":\"\",\"itemBackground\":[]}],\"textTag\":\"h4\",\"authorTag\":\"h6\",\"advancedBackgroundType\":\"gradient\",\"advancedBackgroundGradientColor2\":\"rgba(190,118,118,1)\",\"columns\":1,\"spaceBetweenItems\":40,\"quoteIconColor\":\"rgba(151,37,145,1)\",\"quoteIconFontSize\":80,\"boxedQuoteHorizontalPosition\":-183,\"infoBelowQuoteMarginBottom\":28,\"TrpContentRestriction\":{\"restriction_type\":\"exclude\",\"selected_languages\":[],\"panel_open\":false}} -->\n<div class=\"wp-block-qi-blocks-testimonials-list qodef-block-container qodef-block-abf6b8df\"><div class=\"qi-block-testimonials-list qodef-block qodef-m qodef-gutenberg-section qodef--columns qodef-col-num--1 qodef-responsive--predefined qodef-item-layout--info-below\"><div class=\"qodef-gutenberg-row\"><div class=\"qodef-gutenberg-column qodef-e qi-repeater-item-abf6b8df0\"><div class=\"qodef-e-inner\"><div class=\"qodef-e-content\"><div class=\"qodef-e-quote\"><\/div><h2 class=\"qodef-e-title\">Festival<\/h2><h4 class=\"qodef-e-text\">\u00ab\u00a0Les Rendez-vous de l&rsquo;Histoire\u00a0\u00bb\n|  Blois \/ 28e \u00e9dition &#8211; du 8 au 12 octobre 2025  |  \nThematique 2025 : La France ?\n|  Blois &#8211; Centre de la r\u00e9sistance, de la d\u00e9portation et de la M\u00e9moire<\/h4><\/div><\/div><\/div><\/div><\/div><\/div>\n<!-- \/wp:qi-blocks\/testimonials-list -->\n\n<!-- wp:paragraph -->\n<p><strong>lien \u00e9v\u00e8nement<\/strong><\/p>\n<!-- \/wp:paragraph -->\n\n<!-- wp:paragraph -->\n<p><strong>Page du film<\/strong> (lien)<\/p>\n<!-- \/wp:paragraph -->\n\n<!-- wp:spacer {\"height\":\"38px\"} -->\n<div style=\"height:38px\" aria-hidden=\"true\" class=\"wp-block-spacer\"><\/div>\n<!-- \/wp:spacer -->\n\n<!-- wp:paragraph -->\n<p><\/p>\n<!-- \/wp:paragraph --><\/div><\/li>\n<\/ul>\n\n\n<div class=\"wp-block-senff-sticky-block\" data-topspace=\"0\" data-cfa=\"true\" data-minwidth=\"0\" data-maxwidth=\"99999\" data-pushup=\"\" data-zindex=\"1\">\n<p><\/p>\n<\/div>\n\n\n\n<p>&nbsp;<\/p>\n\n\n\n<p><\/p>","protected":false},"excerpt":{"rendered":"<p>&nbsp; Sonder la profondeur du temps dans le pr\u00e9sent, c\u2019est ce que Joanna fait avec le cin\u00e9ma, en captant le [&hellip;]<\/p>","protected":false},"author":1,"featured_media":1090,"parent":0,"menu_order":0,"comment_status":"closed","ping_status":"closed","template":"","meta":{"site-sidebar-layout":"default","site-content-layout":"","ast-site-content-layout":"default","site-content-style":"default","site-sidebar-style":"default","ast-global-header-display":"","ast-banner-title-visibility":"disabled","ast-main-header-display":"","ast-hfb-above-header-display":"","ast-hfb-below-header-display":"","ast-hfb-mobile-header-display":"","site-post-title":"","ast-breadcrumbs-content":"disabled","ast-featured-img":"","footer-sml-layout":"","ast-disable-related-posts":"","theme-transparent-header-meta":"","adv-header-id-meta":"","stick-header-meta":"","header-above-stick-meta":"","header-main-stick-meta":"","header-below-stick-meta":"","astra-migrate-meta-layouts":"default","ast-page-background-enabled":"default","ast-page-background-meta":{"desktop":{"background-color":"var(--ast-global-color-5)","background-image":"","background-repeat":"repeat","background-position":"center center","background-size":"auto","background-attachment":"scroll","background-type":"","background-media":"","overlay-type":"","overlay-color":"","overlay-opacity":"","overlay-gradient":""},"tablet":{"background-color":"","background-image":"","background-repeat":"repeat","background-position":"center center","background-size":"auto","background-attachment":"scroll","background-type":"","background-media":"","overlay-type":"","overlay-color":"","overlay-opacity":"","overlay-gradient":""},"mobile":{"background-color":"","background-image":"","background-repeat":"repeat","background-position":"center center","background-size":"auto","background-attachment":"scroll","background-type":"","background-media":"","overlay-type":"","overlay-color":"","overlay-opacity":"","overlay-gradient":""}},"ast-content-background-meta":{"desktop":{"background-color":"var(--ast-global-color-4)","background-image":"","background-repeat":"repeat","background-position":"center center","background-size":"auto","background-attachment":"scroll","background-type":"","background-media":"","overlay-type":"","overlay-color":"","overlay-opacity":"","overlay-gradient":""},"tablet":{"background-color":"var(--ast-global-color-4)","background-image":"","background-repeat":"repeat","background-position":"center center","background-size":"auto","background-attachment":"scroll","background-type":"","background-media":"","overlay-type":"","overlay-color":"","overlay-opacity":"","overlay-gradient":""},"mobile":{"background-color":"var(--ast-global-color-4)","background-image":"","background-repeat":"repeat","background-position":"center center","background-size":"auto","background-attachment":"scroll","background-type":"","background-media":"","overlay-type":"","overlay-color":"","overlay-opacity":"","overlay-gradient":""}},"footnotes":""},"class_list":["post-1629","page","type-page","status-publish","has-post-thumbnail","hentry"],"_links":{"self":[{"href":"https:\/\/www.joannagrudzinska.eu\/en\/wp-json\/wp\/v2\/pages\/1629","targetHints":{"allow":["GET"]}}],"collection":[{"href":"https:\/\/www.joannagrudzinska.eu\/en\/wp-json\/wp\/v2\/pages"}],"about":[{"href":"https:\/\/www.joannagrudzinska.eu\/en\/wp-json\/wp\/v2\/types\/page"}],"author":[{"embeddable":true,"href":"https:\/\/www.joannagrudzinska.eu\/en\/wp-json\/wp\/v2\/users\/1"}],"replies":[{"embeddable":true,"href":"https:\/\/www.joannagrudzinska.eu\/en\/wp-json\/wp\/v2\/comments?post=1629"}],"version-history":[{"count":17,"href":"https:\/\/www.joannagrudzinska.eu\/en\/wp-json\/wp\/v2\/pages\/1629\/revisions"}],"predecessor-version":[{"id":1855,"href":"https:\/\/www.joannagrudzinska.eu\/en\/wp-json\/wp\/v2\/pages\/1629\/revisions\/1855"}],"wp:featuredmedia":[{"embeddable":true,"href":"https:\/\/www.joannagrudzinska.eu\/en\/wp-json\/wp\/v2\/media\/1090"}],"wp:attachment":[{"href":"https:\/\/www.joannagrudzinska.eu\/en\/wp-json\/wp\/v2\/media?parent=1629"}],"curies":[{"name":"wp","href":"https:\/\/api.w.org\/{rel}","templated":true}]}}

<div class="wp-block-group alignfull is-content-justification-center is-layout-constrained wp-container-core-group-is-layout-6be109a5 wp-block-group-is-layout-constrained">
<div class="wp-block-group is-layout-constrained wp-container-core-group-is-layout-794f11dd wp-block-group-is-layout-constrained">
<h2 class="wp-block-heading" style="margin-right:0;margin-left:0;padding-right:0;padding-left:0">&nbsp;</h2>



<p class="has-large-font-size" id="bio"><strong>Probing the depth of time in the present is what Joanna does with cinema, capturing the past in the real and the twist in which the actors of the drama are caught.</strong></p>



<p class="has-medium-font-size">Born in Poland and exiled with her parents to France in the 80s, she studied philosophy and cinema (INSAS). After working in various positions in the film industry, from scriptwriter to casting director to actress, she has directed documentaries ( KOR, Révolution Ecole 1918-1939, Pologne contre Histoire), essays ( Quarzell dit Castel, Tout de moi ne disparaîtra pas) and fiction ( La roue tourne, Je veux quelque chose et je ne sais pas quoi, Loups solitaires en mode passif) which have been broadcast on television, programmed and awarded at numerous festivals in France (Angers, Pantin, La Rochelle, Fid Marseille, Cinéma du Réel, rendez-vous de l'histoire de Blois, ... ) and abroad ( Planet doc review, Krakow film festival, La Cabina, Flight Genova, Molodist film festival, Munich film festival, ...).</p>



<p class="has-medium-font-size">She is currently working on several documentary and fiction projects.</p>



<p class="has-medium-font-size">Joanna produces radio documentaries, radio biographies and essays (France Culture). She is also associate professor of writing and directing at the University of Amiens (UPJV).</p>



<div class="wp-block-buttons is-content-justification-center is-layout-flex wp-container-core-buttons-is-layout-a89b3969 wp-block-buttons-is-layout-flex">
<div class="wp-block-button is-style-fill"><a class="wp-block-button__link has-medium-font-size has-custom-font-size wp-element-button">Read more</a></div>
</div>
</div>
</div>



<div style="height:100px" aria-hidden="true" class="wp-block-spacer"></div>



<h3 class="wp-block-heading has-text-align-center has-text-color has-link-color wp-elements-f9c1c08697eccf2a030b37234d966f44" id="actu" style="color:#aa845f;font-size:2.5rem">News</h3>



<div style="height:50px" aria-hidden="true" class="wp-block-spacer"></div>


<ul style="background:linear-gradient(349deg,rgb(204,187,157) 0%,rgb(255,254,254) 49%,rgb(234,220,206) 100%); font-style:normal;font-weight:600;line-height:1.2; border-top-left-radius:30px;border-top-right-radius:30px;border-bottom-left-radius:30px;border-bottom-right-radius:30px;border-style:none;border-width:0px; padding-top:0;padding-bottom:0;padding-left:var(--wp--preset--spacing--50);padding-right:var(--wp--preset--spacing--50);margin-right:0;margin-left:0;margin-top:0;margin-bottom:0;" class="wp-block-latest-posts__list has-link-color wp-elements-e46a5687a5157de14517d8a0f775cefe wp-block-latest-posts has-text-color has-vivid-cyan-blue-color has-background has-large-font-size"><li><a class="wp-block-latest-posts__post-title" href="https://www.joannagrudzinska.eu/en/projection_2026-01-20/">projection_2026-01-20</a><div class="wp-block-latest-posts__post-full-content"><!-- wp:heading {"textAlign":"center","style":{"elements":{"link":{"color":{"text":"var:preset|color|vivid-red"}}},"typography":{"fontSize":"48px"},"border":{"width":"18px"}},"backgroundColor":"ast-global-color-4","textColor":"ast-global-color-2","TrpContentRestriction":{"restriction_type":"exclude","selected_languages":[],"panel_open":false}} -->
<h2 class="wp-block-heading has-text-align-center has-ast-global-color-2-color has-ast-global-color-4-background-color has-text-color has-background has-link-color" style="border-width:18px;font-size:48px">« Titre du film »</h2>
<!-- /wp:heading -->

<!-- wp:image {"id":1252,"sizeSlug":"large","linkDestination":"none"} -->
<figure class="wp-block-image size-large"><img loading="lazy" decoding="async" width="1024" height="620" src="https://www.joannagrudzinska.eu/wp-content/uploads/2025/05/pologne-contre-histoire_03-1024x620.jpg" alt="" class="wp-image-1252" srcset="https://www.joannagrudzinska.eu/wp-content/uploads/2025/05/pologne-contre-histoire_03-1024x620.jpg 1024w, https://www.joannagrudzinska.eu/wp-content/uploads/2025/05/pologne-contre-histoire_03-300x182.jpg 300w, https://www.joannagrudzinska.eu/wp-content/uploads/2025/05/pologne-contre-histoire_03-768x465.jpg 768w, https://www.joannagrudzinska.eu/wp-content/uploads/2025/05/pologne-contre-histoire_03.jpg 1337w" sizes="auto, (max-width: 1024px) 100vw, 1024px" /></figure>
<!-- /wp:image -->

<!-- wp:qi-blocks/advanced-text {"uniqueClass":"qodef-block-df71388f","color":"rgba(250,248,248,1)","linkColor":"rgba(221,10,10,1)","marginBottom":20,"paddingTop":50,"paddingBottom":50,"advancedBackgroundColor":"rgba(194,166,122,1)","advancedBackgroundGradientColor1":"rgba(244,80,80,1)","advancedBackgroundGradientLocation1":75,"advancedBackgroundGradientColor2":"rgba(122,9,9,1)","advancedBackgroundGradientLocation2":66,"fontSize":40,"fontWeight":"600","lineHeight":60,"horizontalAlignment":"center","TrpContentRestriction":{"restriction_type":"exclude","selected_languages":[],"panel_open":false}} -->
<div class="wp-block-qi-blocks-advanced-text qodef-block-container qodef-block-df71388f"><div class="qi-block-advanced-text qodef-block qodef-m"><p>projection<br>Saturday, October 11, 2025<br>« Les Rendez-vous de l&rsquo;Histoire » &#8211; Blois</p></div></div>
<!-- /wp:qi-blocks/advanced-text -->

<!-- wp:qi-blocks/testimonials-list {"uniqueClass":"qodef-block-abf6b8df","layout":"info-below","testimonialsListItemsRepeater":[{"itemTitle":"Festival","itemText":"u0022Les Rendez-vous de l'Histoireu0022n|  Blois / 28e édition - du 8 au 12 octobre 2025  |  nThematique 2025 : La France ?nn|  Blois - Centre de la résistance, de la déportation et de la Mémoire","itemAuthor":"","itemAuthorImage":{"id":null,"url":"","alt":"","caption":"","width":"","height":"","html":"","defaultValueIsSet":false},"itemAuthorOccupation":"","itemQuoteColor":"","itemTitleColor":"","itemTextColor":"","itemAuthorColor":"rgba(183,180,145,1)","itemAuthorOccupationColor":"","itemBackground":[]}],"textTag":"h4","authorTag":"h6","advancedBackgroundType":"gradient","advancedBackgroundGradientColor2":"rgba(190,118,118,1)","columns":1,"spaceBetweenItems":40,"quoteIconColor":"rgba(151,37,145,1)","quoteIconFontSize":80,"boxedQuoteHorizontalPosition":-183,"infoBelowQuoteMarginBottom":28,"TrpContentRestriction":{"restriction_type":"exclude","selected_languages":[],"panel_open":false}} -->
<div class="wp-block-qi-blocks-testimonials-list qodef-block-container qodef-block-abf6b8df"><div class="qi-block-testimonials-list qodef-block qodef-m qodef-gutenberg-section qodef--columns qodef-col-num--1 qodef-responsive--predefined qodef-item-layout--info-below"><div class="qodef-gutenberg-row"><div class="qodef-gutenberg-column qodef-e qi-repeater-item-abf6b8df0"><div class="qodef-e-inner"><div class="qodef-e-content"><div class="qodef-e-quote"></div><h2 class="qodef-e-title">Festival</h2><h4 class="qodef-e-text">« Les Rendez-vous de l&rsquo;Histoire »
|  Blois / 28e édition &#8211; du 8 au 12 octobre 2025  |  
Thematique 2025 : La France ?
|  Blois &#8211; Centre de la résistance, de la déportation et de la Mémoire</h4></div></div></div></div></div></div>
<!-- /wp:qi-blocks/testimonials-list -->

<!-- wp:paragraph -->
<p><strong>lien évènement</strong></p>
<!-- /wp:paragraph -->

<!-- wp:paragraph -->
<p><strong>Page du film</strong> (lien)</p>
<!-- /wp:paragraph -->

<!-- wp:spacer {"height":"38px"} -->
<div style="height:38px" aria-hidden="true" class="wp-block-spacer"></div>
<!-- /wp:spacer -->

<!-- wp:paragraph -->
<p></p>
<!-- /wp:paragraph --></div></li>
</ul>


<div class="wp-block-senff-sticky-block" data-topspace="0" data-cfa="true" data-minwidth="0" data-maxwidth="99999" data-pushup="" data-zindex="1">
<p></p>
</div>



<p>&nbsp;</p>



<p></p>

<p>&nbsp; Sonder la profondeur du temps dans le présent, c’est ce que Joanna fait avec le cinéma, en captant le [&hellip;]</p>
